 the greatest common factor of 96 and 88?
8
Calculate the highest common factor of 35415 and 180.
45
Calculate the highest common divisor of 5 and 1580.
5
What is the highest common divisor of 584 and 511?
73
What is the greatest common divisor of 2538 and 45?
9
What is the greatest common divisor of 143 and 91?
13
Calculate the greatest common factor of 480 and 15.
15
What is the greatest common divisor of 9 and 981?
9
Calculate the greatest common factor of 11 and 143.
11
Calculate the greatest common factor of 260 and 16.
4
What is the highest common divisor of 26 and 2?
2
What is the highest common factor of 738 and 36?
18
Calculate the greatest common factor of 325 and 125.
25
What is the greatest common divisor of 2484 and 72?
36
Calculate the greatest common divisor of 88 and 1089.
11
Calculate the greatest common factor of 58 and 2378.
58
Calculate the highest common divisor of 3440 and 240.
80
What is the greatest common divisor of 2064 and 96?
48
Calculate the highest common factor of 551 and 38.
19
Calculate the highest common divisor of 47 and 3102.
47
Calculate the greatest common factor of 61 and 1037.
61
Calculate the greatest common divisor of 39 and 52.
13
Calculate the greatest common factor of 104328 and 414.
414
Calculate the highest common factor of 10 and 835.
5
What is the greatest common divisor of 52 and 403?
13
What is the highest common factor of 69 and 36?
3
What is the greatest common factor of 48 and 252?
12
What is the greatest common factor of 250 and 20875?
125
What is the greatest common divisor of 130 and 20?
10
Calculate the greatest common divisor of 20 and 980.
20
What is the highest common factor of 4947 and 17?
17
What is the highest common divisor of 1450 and 30?
10
Calculate the highest common factor of 84 and 36.
12
What is the highest common factor of 259 and 37?
37
What is the greatest common divisor of 64 and 1584?
16
What is the highest common factor of 75465 and 215?
215
What is the greatest common factor of 90 and 11760?
30
What is the highest common factor of 10325 and 325?
25
Calculate the greatest common divisor of 329 and 21.
7
Calculate the highest common divisor of 59686 and 44.
22
What is the highest common factor of 64 and 48?
16
Calculate the greatest common factor of 88 and 374.
22
What is the greatest common factor of 530 and 20?
10
Calculate the greatest common divisor of 657 and 2993.
73
Calculate the highest common factor of 31 and 7316.
31
Calculate the greatest common divisor of 6 and 870.
6
Calculate the greatest common factor of 111 and 296.
37
Calculate the greatest common factor of 156 and 2106.
78
Calculate the highest common factor of 4082 and 26.
26
What is the greatest common divisor of 290 and 58?
58
Calculate the greatest common divisor of 15 and 18.
3
Calculate the highest common divisor of 57 and 76.
19
What is the highest common divisor of 38640 and 84?
84
What is the greatest common factor of 136 and 68?
68
Calculate the greatest common divisor of 34 and 1088.
34
What is the greatest common divisor of 6 and 32?
2
Calculate the greatest common divisor of 104 and 637.
13
What is the highest common divisor of 9 and 227?
1
Calculate the highest common divisor of 710 and 40.
10
What is the highest common factor of 240 and 180?
60
Calculate the highest common divisor of 32 and 32.
32
What is the highest common factor of 884 and 247?
13
Calculate the greatest common divisor of 5 and 3.
1
Calculate the highest common divisor of 115 and 4025.
115
What is the greatest common divisor of 21411 and 39?
39
What is the greatest common divisor of 102 and 34?
34
Calculate the highest common factor of 55 and 484.
11
What is the highest common factor of 28595 and 190?
95
What is the greatest common factor of 2491 and 53?
53
Calculate the highest common factor of 585 and 90.
45
What is the highest common divisor of 15 and 1490?
5
Calculate the highest common divisor of 38233 and 221.
221
What is the greatest common divisor of 128 and 11568?
16
Calculate the greatest common divisor of 51 and 17.
17
Calculate the greatest common divisor of 228 and 1216.
76
Calculate the highest common divisor of 290 and 116.
58
Calculate the greatest common factor of 254 and 4.
2
Calculate the greatest common factor of 58 and 1392.
58
What is the highest common divisor of 260 and 60?
20
Calculate the highest common factor of 343 and 679.
7
What is the greatest common divisor of 1708 and 14?
14
Calculate the greatest common factor of 156 and 4628.
52
What is the greatest common divisor of 45 and 105?
15
What is the greatest common divisor of 9039 and 1441?
131
Calculate the highest common factor of 5 and 243.
1
Calculate the greatest common factor of 3101 and 133.
7
Calculate the greatest common divisor of 4144 and 7.
7
Calculate the greatest common divisor of 22 and 176.
22
What is the highest common factor of 8 and 8?
8
What is the greatest common divisor of 49 and 126?
7
What is the greatest common divisor of 580 and 20?
20
Calculate the greatest common divisor of 297 and 135.
27
What is the highest common factor of 153 and 279?
9
Calculate the highest common divisor of 3950 and 90.
10
Calculate the highest common factor of 15 and 5.
5
What is the highest common divisor of 28 and 3500?
28
What is the highest common divisor of 15893 and 46?
23
Calculate the greatest common divisor of 13977 and 9.
9
What is the greatest common divisor of 763 and 981?
109
What is the highest common divisor of 210 and 1155?
105
What is the greatest common divisor of 4134 and 78?
78
What is the highest common factor of 184 and 2668?
92
Calculate the highest common divisor of 9 and 1.
1
Calculate the highest common divisor of 18 and 1098.
18
What is the greatest common factor of 36 and 9456?
12
What is the greatest common divisor of 1900 and 152?
76
Calculate the highest common factor of 50 and 460.
10
What is the highest common divisor of 52 and 1118?
26
What is the greatest common divisor of 9 and 354?
3
Calculate the greatest common factor of 308 and 140.
28
What is the greatest common factor of 148 and 333?
37
Calculate the greatest common divisor of 43 and 16297.
43
What is the greatest common factor of 336 and 208?
16
Calculate the greatest common divisor of 580 and 435.
145
What is the highest common factor of 26246 and 22?
22
What is the greatest common divisor of 26102 and 62?
62
What is the greatest common factor of 2 and 27?
1
What is the highest common factor of 8748 and 72?
36
Calculate the highest common divisor of 9900 and 24.
12
Calculate the highest common factor of 387 and 243.
9
Calculate the highest common factor of 1162 and 14.
14
What is the greatest common divisor of 136 and 336?
8
What is the highest common divisor of 8967 and 294?
147
What is the greatest common factor of 49 and 1?
1
What is the greatest common factor of 9 and 1341?
9
Calculate the highest common factor of 12351 and 69.
69
Calculate the greatest common divisor of 405 and 495.
45
Calculate the highest common divisor of 2385 and 30.
15
What is the highest common divisor of 4446 and 858?
78
What is the greatest common factor of 138 and 8?
2
Calculate the highest common factor of 87 and 348.
87
What is the greatest common factor of 724 and 24?
4
What is the highest common divisor of 96 and 264?
24
What is the highest common divisor of 3465 and 21?
21
What is the greatest common divisor of 803 and 73?
73
What is the highest common divisor of 440 and 176?
88
Calculate the highest common factor of 1410 and 30.
30
What is the greatest common factor of 3402 and 35?
7
What is the highest common divisor of 3740 and 187?
187
What is the highest common factor of 54 and 72?
18
Calculate the highest common factor of 608 and 8968.
152
Calculate the greatest common factor of 2 and 538.
2
Calculate the greatest common factor of 61456 and 368.
368
What is the greatest common factor of 368 and 176?
16
Calculate the highest common factor of 494 and 442.
26
What is the highest common divisor of 5111 and 57?
19
What is the greatest common factor of 12 and 1308?
12
Calculate the greatest common divisor of 1728 and 48.
48
What is the highest common factor of 17 and 51?
17
What is the highest common divisor of 3 and 51?
3
Calculate the greatest common di